 divided by 25.
22
Suppose -2*k - 6*w = -2*w - 12, 4*k = -w + 45. Let h be (-2750)/(-15) - 2/(-3). Calculate the remainder when (h/(3 - 7))/(-2) is divided by k.
11
Let z(j) = -17*j + 21. Let c(h) = -12*h + 14. Let v(m) = -7*c(m) + 5*z(m). What is the remainder when 77 is divided by v(-13)?
17
Let i = 5 + -3. Let g(y) = -1 + 0 - 5 + 10*y + y**2 - i*y. Calculate the remainder when g(-9) is divided by 3.
0
Suppose 1117*s - 1118*s = -1042 - 161. Calculate the remainder when s is divided by 101.
92
Let x = -20 - -20. What is the remainder when (3 + x/(-1))*(-368)/(-6) is divided by 6?
4
Suppose 31*b + 2367 - 13123 = 6821. Calculate the remainder when b is divided by 31.
9
Let v(d) = -d**3 + 12*d**2 - 11*d + 19. Let h be v(11). Let s = 31 - h. Calculate the remainder when 13 is divided by s.
1
Let m(s) = 12*s**2 + 7*s - 6. Let x(u) = -13*u - 12. Let i(d) = d + 1. Let z(l) = 5*i(l) + x(l). Calculate the remainder when z(-3) is divided by m(1).
4
Let o be (148/111)/(2 + 35/(-18)). Suppose 3*x + o - 33 = 0, 4*v = -5*x + 71. What is the remainder when v is divided by 5?
4
Suppose 4*u = 3*z - 75, 2*z - 50 = 8*u - 5*u. What is the remainder when 1634 is divided by z?
9
Let v(a) = -1001*a - 16070. Calculate the remainder when v(-18) is divided by 243.
4
Let d(a) = 2385*a + 20 + 2*a**2 - a**2 - 2386*a. What is the remainder when d(-6) is divided by 11?
7
Let t(x) = -x**3 + 10*x**2 + 2*x - 4. What is the remainder when t(9) is divided by (46/483 + 8/14)/((-2)/(-159))?
42
Let s = -155 + 249. What is the remainder when 199 is divided by s?
11
Suppose -2*m + 2*j = 2, -1434*j + 1437*j + 3 = 5*m. Suppose 4*x - 5*a + 8 = -a, -3*x = -5*a + 12. What is the remainder when m is divided by x?
0
What is the remainder when 387 is divided by 6 + (-110)/(-38) + (-6)/(-57)?
0
Let t(b) = 2*b - 23. Let c be t(13). Let u(f) = 6 + 2 + c*f + 3*f**2 - 3 - 4. What is the remainder when 2 is divided by u(-1)?
0
Let k = -32 + 34. Suppose -k*i - 7 + 13 = 0. Suppose -5*n - i*l = -0*n - 105, 0 = -5*n - l + 105. Calculate the remainder when n is divided by 12.
9
Suppose 2*a + a - 12 = 0. Suppose 2*f - 2*k = -156, 0 = a*f + k + 289 + 8. Let v = f + 124. Calculate the remainder when v is divided by 25.
24
Let c = 43 - 6. Suppose -10*z = 7*z - 391. Calculate the remainder when c is divided by z.
14
Suppose -484 = -6*u + 266. Suppose 0 = -5*s + g + u, -3*s + g = 5*g - 52. Calculate the remainder when s is divided by 10.
4
Let u(q) = -2*q**2 + 8*q - 3. Let d(f) = -4*f**2 + 16*f - 5. Let w(n) = 2*d(n) - 5*u(n). Let l = 93 - 85. What is the remainder when w(l) is divided by 35?
34
Suppose -5*x - 102 = -a + 460, 5*x - 552 = -a. Calculate the remainder when a is divided by 148.
113
Suppose -2*b - 5*r + 28 + 6 = 0, r + 58 = 2*b. Let m(j) = -620*j**2 - 6822*j - 15. What is the remainder when b is divided by m(-11)?
6
Let q(o) = o**3 - 5*o**2 + 3. Let i be q(5). Suppose 4*t = -y + 2*y - i, 2*y = 3*t + 6. What is the remainder when (-38)/(-9) + 6/(-27) is divided by y?
1
Let y = -372 - -367. Calculate the remainder when 277 is divided by (5 + y)/(-9) - -4.
1
Let s(v) = 84*v**3 + 3*v - 15. What is the remainder when s(2) is divided by 166?
165
Let h(b) = 3*b**2 + 7*b - 4. Let c be h(-3). Suppose -76 = -4*j + 3*s, -c*j + 4*s + 0*s = -28. Calculate the remainder when j is divided by 8.
6
Calculate the remainder when 8*26/4 + 2 is divided by ((-189)/45)/(((-45)/900)/((-2)/(-12))).
12
Let q(s) = 8*s**2 - 4*s + 5. Suppose 2*o = 2*l - 8, -17*o + 20*o = -5*l + 4. What is the remainder when 108 is divided by q(l)?
21
Suppose 11*u + 82 - 148 = 0. Suppose 3*c = 2*r - 95, -5*r = -u*r - 5*c + 41. Calculate the remainder when r is divided by 17.
12
Let z(x) = 11*x**3 - 29*x**2 + 9*x + 20. Calculate the remainder when z(6) is divided by 30.
26
Let a = -416 + 443. Suppose 150 = 2*g - 3*d, d - 15 + 173 = 2*g. Suppose 6*b = a + g. Calculate the remainder when b is divided by 12.
6
Suppose 0 = 3*l - 3*u - 522, 53*l + 5*u = 50*l + 514. Suppose -90 + 0 = -3*x. Calculate the remainder when l is divided by x.
23
What is the remainder when 449 is divided by 10736/528 + -2*2/12?
9
Let r(q) = 18*q + 193. Let n be r(-6). Let p = 216 - n. Calculate the remainder when p is divided by 19.
17
Suppose 4*p - 5*i = 44, 2*i = p - 6*p + 88. Suppose -4*b - 3*k = 2*k - 23, 2*b - 4*k = 18. Let t = 38 + b. Calculate the remainder when t is divided by p.
13
Suppose -2*u + 5*s + 467 = 0, -25 + 27 = -2*s. Suppose -7*y - 7 + u = 0. Calculate the remainder when 124 is divided by y.
28
Let l(i) = i**3 + i**2 + 9*i - 32. Let j be l(-8). Let u = j - -563. What is the remainder when 472 is divided by u?
10
Suppose -431*k + 435*k = 7 + 73. Suppose 0 = -2*y + 5*n - 127, 3*y + 3*n = -165 - 36. What is the remainder when (-10)/3*y/4 is divided by k?
15
Calculate the remainder when 143780/78 + 3/(-9) is divided by 12.
7
Suppose 502 + 2823 = 35*o. Calculate the remainder when 101 is divided by o.
6
Let c be (-24)/30*10/(-4). Suppose 6*n - n = -c*x + 93, -54 = -x + 5*n. Let t = x - 30. Calculate the remainder when 36 is divided by t.
17
Let z = 1310 + -1262. Calculate the remainder when 1098 is divided by z.
42
Calculate the remainder when 41 + -37 + 1*418 is divided by 72.
62
Suppose 0 = 2*w - 6*w - 2*w + 78. Let c be ((-3)/2)/((-3)/8). Suppose 2*u = c*u - 70. What is the remainder when u is divided by w?
9
Let t be (-9 + (-114)/(-14))/((-2)/14). Suppose -m + 17 = 2*o, -3*o = -3*m - t*o + 51. Calculate the remainder when 130 is divided by m.
11
What is the remainder when (-2072)/308 + 7 + (-444240)/(-22) is divided by 46?
45
Suppose h - 20 = -3*k, 3*k - h + 5 = 3*h. Let u be 114/5 + -1 + 32/160. Suppose u = -k*i + 197. Calculate the remainder when 138 is divided by i.
33
Let p = -9641 - -9871. What is the remainder when p is divided by 23?
0
Let g = 44 - 26. Suppose 15*f = 78 + 657. Calculate the remainder when f is divided by g.
13
Suppose -4*w + j = 248, -2*w - j - 75 = 55. What is the remainder when 78 is divided by (-1)/(18/(-4)) - 1309/w?
15
Let i be 4/(-10)*175/(-7). Let a be (38/i)/((-2)/(-10)). Suppose -a = -q - 2. What is the remainder when 31 is divided by q?
14
Suppose 3*a = 20 - 5. Suppose 131*x + 300 = 141*x. Calculate the remainder when (96/a)/((-171)/x + 6) is divided by 22.
20
Suppose -3*a + 3*p = -258 + 30, -216 = -3*a - 3*p. What is the remainder when a is divided by -2 - -4 - (-28)/2?
10
Let x = -570 - -584. Let y be ((-8)/(-20))/(3/15). Suppose -163 = -3*n - 2*z, -4*z = -2*z + y. What is the remainder when n is divided by x?
13
Suppose t + 4*u - 377 = 0, 1510 = 3*t + 3*u + 406. Calculate the remainder when t is divided by 105.
50
Let w(f) = 3*f**2 - 55*f + 234. Suppose 5*o = i + 475, 0 = -2*o + i + i + 182. Calculate the remainder when o is divided by w(13).
18
Let i(d) = 3*d + 21. Let f = 122 - 114. Calculate the remainder when 222 is divided by i(f).
42
Suppose 174*x - 95*x = 569 + 695. What is the remainder when 879 is divided by x?
15
Suppose 14*p = 10*p + 92. Suppose 0 = -13*a + p*a - 70. Let d = -7 - -32. What is the remainder when d is divided by a?
4
Let q = -1256 - -1285. Calculate the remainder when -1 + (-10)/((-70)/1617) is divided by q.
27
Suppose 23976 = 135*a + 27*a. What is the remainder when a is divided by 62?
24
Suppose 263*a - 267*a = d + 7, 25 = -5*a. Calculate the remainder when 1618 is divided by d.
6
Let l be -3 - -3*174/6. Suppose -5*b - 29 + 117 = -3*y, y = -5*b + l. Let w(t) = -t**3 + 4*t**2 - 1. What is the remainder when w(-3) is divided by b?
11
Let d = 1406 + -1387. What is the remainder when 180 is divided by d?
9
Let c be ((-14)/49 - (-2970)/7)*1. Let a = c + -394. What is the remainder when 35 is divided by a?
5
Let h(j) be the first derivative of -j**4/2 - 8*j**3/3 - 2*j**2 - 4*j + 98. Calculate the remainder when 459 is divided by h(-5).
63
Suppose -6 = 32*g - 838. Calculate the remainder when 32 is divided by g.
6
Suppose 7*v - 714 = 105. What is the remainder when 167 is divided by v?
50
Let g = 1618 + -1573. Let b = 27 + -1. What is the remainder when g is divided by b?
19
Let v be 5 + 7/(28/8). Suppose -d + 11 = -v. Let u = 43 - d. Calculate the remainder when u is divided by 7.
4
Suppose 0 = 4*d + 16, 5*b + 93 - 536 = -3*d. Suppose 60 = 2*c - 4*w, 742*w = c + 747*w + 26. What is the rema